 392760?
True
Is 161 a factor of 504543?
False
Does 15 divide 38625?
True
Is 314036 a multiple of 270?
False
Does 88 divide 268136?
True
Is 32 a factor of 644608?
True
Is 478372 a multiple of 48?
False
Is 267818 a multiple of 5?
False
Is 2433200 a multiple of 550?
True
Is 176111 a multiple of 63?
False
Is 946 a factor of 976061?
False
Is 587826 a multiple of 145?
False
Does 12 divide 21575244?
True
Does 166 divide 1030030?
True
Is 6060564 even?
True
Does 15 divide 42333?
False
Does 1253 divide 1663984?
True
Does 7 divide 287811?
False
Is 458 a factor of 532603?
False
Is 134 a factor of 35335?
False
Does 267 divide 252048?
True
Does 116 divide 763628?
True
Does 4 divide 124256?
True
Is 52 a factor of 2496?
True
Does 109 divide 120445?
True
Is 73 a factor of 75737?
False
Is 8 a factor of 8973846?
False
Is 24 a factor of 179448?
True
Does 13 divide 572884?
True
Is 11 a factor of 4818?
True
Does 9 divide 1483929?
True
Is 59 a factor of 4655926?
True
Is 43 a factor of 2798440?
True
Is 129 a factor of 335271?
True
Is 22 a factor of 221843?
False
Is 767438 a multiple of 287?
True
Is 63615 a multiple of 5?
True
Is 3 a factor of 457992?
True
Does 72 divide 2581488?
True
Is 1565136 a multiple of 24?
True
Does 29 divide 431449?
False
Is 705 a factor of 3169680?
True
Is 80447 a multiple of 29?
False
Does 294 divide 225081?
False
Is 30 a factor of 3263490?
True
Does 38 divide 229897?
False
Does 23 divide 284740?
True
Is 379080 a multiple of 52?
True
Does 447 divide 5025174?
True
Does 160 divide 25898?
False
Does 12 divide 382667?
False
Does 13 divide 602719?
True
Is 3534986 a multiple of 7?
True
Is 14880 a multiple of 8?
True
Does 13 divide 288450?
False
Is 74 a factor of 1042174?
False
Is 5460348 a multiple of 293?
True
Does 118 divide 3513568?
True
Is 67 a factor of 840409?
False
Is 1112104 a multiple of 506?
False
Is 27744255 a multiple of 1309?
True
Is 309302 a multiple of 7?
True
Does 2 divide 182621?
False
Is 518856 a multiple of 5?
False
Is 2601 a multiple of 237?
False
Does 398 divide 4676898?
True
Is 129 a factor of 346494?
True
Is 71 a factor of 5845022?
False
Does 10 divide 846387?
False
Is 195 a factor of 531960?
True
Does 81 divide 176356?
False
Does 9 divide 194814?
True
Is 171636 a multiple of 7?
False
Does 22 divide 4643804?
True
Is 4 a factor of 11692?
True
Does 210 divide 37718170?
False
Is 160137 a multiple of 110?
False
Is 14 a factor of 40558?
True
Is 57 a factor of 8614182?
True
Is 371050 a multiple of 25?
True
Is 19 a factor of 908880?
False
Does 153 divide 204207?
False
Does 17 divide 47176?
False
Is 71 a factor of 232028?
True
Does 248 divide 669600?
True
Is 18 a factor of 38415?
False
Does 16 divide 767503?
False
Is 506718 a multiple of 9?
True
Does 181 divide 303008?
False
Is 16 a factor of 1723744?
True
Is 73512 a multiple of 6?
True
Is 33 a factor of 13704?
False
Does 7 divide 249669?
True
Does 812 divide 2436?
True
Is 64 a factor of 725568?
True
Is 17 a factor of 127830?
False
Is 1122503 a multiple of 29?
True
Does 867 divide 11129679?
True
Is 13 a factor of 250068?
True
Does 271 divide 410585?
False
Is 531960 a multiple of 52?
True
Does 68 divide 1771060?
True
Is 434 a factor of 1785910?
True
Is 23391483 a multiple of 17?
False
Does 103 divide 2931483?
True
Does 144 divide 1010880?
True
Is 6149 a multiple of 13?
True
Is 130465 a multiple of 28?
False
Is 120907 a multiple of 30?
False
Is 154 a factor of 10891034?
True
Is 505 a factor of 416546?
False
Does 129 divide 1084995?
False
Is 638616 a multiple of 708?
True
Is 306 a factor of 538672?
False
Is 887 a factor of 16961214?
True
Does 320 divide 327040?
True
Is 8 a factor of 93883?
False
Does 245 divide 9187151?
False
Is 537540 a multiple of 186?
True
Is 420715 a multiple of 11?
False
Is 377356 a multiple of 79?
False
Is 216 a factor of 136713?
False
Does 10 divide 51350?
True
Is 5173280 a multiple of 310?
True
Is 51 a factor of 184032?
False
Does 147 divide 152935?
False
Is 300672 a multiple of 58?
True
Is 438933 a multiple of 283?
True
Is 188224 a multiple of 17?
True
Is 17 a factor of 2202095?
True
Is 209981 a multiple of 25?
False
Is 24 a factor of 279980?
False
Is 77797 a multiple of 6?
False
Is 15 a factor of 57555?
True
Does 5 divide 554848?
False
Is 38853 a multiple of 208?
False
Does 38 divide 21634?
False
Is 645598 a multiple of 58?
True
Does 60 divide 4026600?
True
Is 6 a factor of 38145?
False
Does 1007 divide 1400737?
True
Is 166192 a multiple of 208?
True
Is 4116220 a multiple of 277?
True
Is 3654661 a multiple of 43?
False
Is 52785 a multiple of 207?
True
Is 157 a factor of 230947?
True
Is 395 a factor of 341201?
False
Is 183900 a multiple of 20?
True
Is 99 a factor of 297833?
False
Does 7 divide 3460464?
True
Is 96372 a multiple of 36?
True
Does 59 divide 10931874?
True
Is 136 a factor of 168640?
True
Is 128414 a multiple of 2?
True
Does 37 divide 902541?
True
Is 345089 a multiple of 95?
False
Does 62 divide 6591798?
False
Is 6358141 a multiple of 780?
False
Is 2582841 a multiple of 401?
True
Is 4568942 a multiple of 1829?
False
Does 21 divide 834414?
True
Does 205 divide 326770?
True
Is 14 a factor of 2590?
True
Is 730 a factor of 986580?
False
Does 105 divide 595980?
True
Is 815464 a multiple of 13?
True
Is 124 a factor of 356128?
True
Does 244 divide 11518249?
False
Is 9882 a multiple of 3?
True
Is 244378 a multiple of 27?
False
Does 6 divide 61060?
False
Does 163 divide 545398?
True
Is 226 a factor of 1769851?
False
Is 170796 a multiple of 12?
True
Is 73 a factor of 59138?
False
Is 10 a factor of 2143380?
True
Is 1854486 a multiple of 16?
False
Does 333 divide 138861?
True
Does 58 divide 68846?
True
Is 1077011 a multiple of 132?
False
Is 5 a factor of 862137?
False
Does 5 divide 403295?
True
Is 85 a factor of 14790?
True
Does 2 divide 8105?
False
Is 4 a factor of 297811?
False
Is 182112 a multiple of 56?
True
Is 178 a factor of 26878?
True
Is 738 a factor of 3328926?
False
Does 81 divide 3457361?
False
Is 123022 a multiple of 5?
False
Is 1246200 a multiple of 372?
True
Is 117755 a multiple of 11?
True
Is 14 a factor of 19384?
False
Is 146776 a multiple of 8?
True
Is 5996 a multiple of 3?
False
Is 28 a factor of 282162?
False
Is 227872 a multiple of 12?
False
Is 363681 a multiple of 105?
False
Is 1171478 a multiple of 43?
False
Is 597 a factor of 444168?
True
Is 3108885 a multiple of 2?
False
Does 58 divide 402625?
False
Is 619884 a multiple of 36?
True
Is 7375215 a multiple of 12?
False
Is 219753 a multiple of 27?
True
Is 621673 a multiple of 11?
False
Is 4228308 a multiple of 147?
True
Is 1017 a factor of 479061?
False
Is 4748100 a multiple of 1020?
True
Does 10 divide 236450?
True
Is 94 a factor of 967943?
False
Does 7 divide 269290?
True
Is 7144764 a multiple of 452?
True
Is 769 a factor of 3912552?
False
Does 8 divide 439978?
False
Is 1433380 even?
True
Is 750 a factor of 967083?
False
Is 2909730 a multiple of 30?
True
Is 14 a factor of 1567327?
False
Is 388 a factor of 3046234?
False
Does 59 divide 1450665?
False
Is 73 a factor of 60955?
True
Is 9480391 a multiple of 141?
False
Does 8 divide 600605?
False
Is 70 a factor of 17089?
False
Does 16 divide 59430?
False
Does 79 divide 104943?
False
Is 738 a factor of 8035059?
False
Does 698 divide 894643?
False
Is 13 a factor of 162560?
False
Does 209 divide 1795728?
True
Is 132692 a multiple of 412?
False
Is 430163 a multiple of 164?
False
Is 8 a factor of 2881999?
False
Does 471 divide 832257?
True
Does 84 divide 544572?
True
Is 1006234 a multiple of 30?
False
Does 25 divide 11459425?
True
Does 11 divide 8018357?
False
Is 145 a factor of 4450050?
True
Does 4 divide 144539?
False
Is 8 a factor of 13912?
True
Is 79712 a multiple of 530?
False
Is 50 a factor of 1048857?
False
Is 306320 a multiple of 7?
True
Does 564 divide 4948536?
True
Does 302 divide 23341516?
False
Does 93 divide 841413?
False
Does 3 divide 1717964?
False
Is 383215 a multiple of 18?
False
Is 28 a factor of 448?
True
Does 70 divide 733519?
False
Does 36 divide 28397?
False
Does 170 divide 44370?
True
Does 399 divide 176509?
False
Is 9 a factor of 177057?
True
Is 82 a factor of 9584057?
False
Is 1312 a factor of 3670976?
True
Is 40 a factor of 35920?
True
Is 764 a factor of 934733?
False
Does 35 divide 2559725?
True
Does 10 divide 165108